factor of o?
False
Let h(g) = 3*g**3 - 5*g + 1. Is h(2) a multiple of 15?
True
Let p be (6/(-3) - -12) + -2. Is 5 a factor of p/1 - (-1 + -1)?
True
Let d be 1*(-1 - (2 + -3)). Suppose -3*r - 2*r + 110 = -5*l, 5*r + l - 80 = d. Does 17 divide r?
True
Let c(i) = -3 - 3 + 11*i + 1. Let a be c(5). Let f = a + -21. Does 12 divide f?
False
Let a be ((-28)/10)/((-1)/(-5)). Does 5 divide (-1 - 0)/(2/a)?
False
Let z be 17/3 + (-2)/3. Is 5 a factor of 693/35 + 1/z?
True
Let u(k) be the second derivative of 0 + 1/12*k**4 - 4*k + 5/3*k**3 + 15/2*k**2. Is u(-10) a multiple of 15?
True
Suppose 2*a = -a + 51. Is a even?
False
Suppose 0 = 5*g + 159 - 519. Is 6 a factor of g?
True
Let z = 51 + -24. Let f = z + -13. Is 14 a factor of f?
True
Suppose -272 = -2*y - 2*y - 2*o, -2*y + 124 = 4*o. Is y a multiple of 14?
True
Let z be (-2)/6 - 4/6. Let p be (z - (-2)/(-2)) + 6. Suppose -2*t - 90 = -p*t. Is t a multiple of 17?
False
Let x(n) be the first derivative of 1 - 6*n**2 + 5*n**2 - 4*n**2. Does 10 divide x(-1)?
True
Let x = 1 - 4. Let v(w) = -w**2 - 6*w - 3. Let i be v(x). Is 34/i + (-6)/9 even?
False
Let t(c) = 7*c**2 + 3*c + 3. Let m be t(4). Suppose h - 87 = -5*o, 3*h - 5*o = 34 + m. Does 16 divide h?
False
Let y = 37 + -3. Does 34 divide y?
True
Let y = 6 + 4. Is y a multiple of 9?
False
Suppose 4*g = 3*t + 256, 2*t + 315 = 5*g - 3*t. Suppose -2*d + 0*d + 194 = 0. Let v = d - g. Is 15 a factor of v?
True
Suppose -14 = -v - 3*k, -4*v + 21 - 1 = 3*k. Suppose -3*y + 15 = 0, -v*u + y = 3*u - 180. Is u a multiple of 11?
False
Suppose -2*v = -4*k + 686, -3*k - 3*v - 2*v + 547 = 0. Let q = k + -104. Is 14 a factor of q?
True
Let l(b) = -b. Let v be l(-2). Suppose 4*q = -v*i + 12, 4*q = -5*i + 20 - 2. Is q a multiple of 2?
True
Suppose 0 = -4*o + q - 11, 3*q - 29 = 4*o - 12. Let m = o + 3. Is 11 a factor of m/(-1)*1*-29?
False
Let l = -3 + 16. Does 13 divide l?
True
Suppose 0 = 5*q + 4*g - 26, -4*q + 0*g = g - 12. Suppose -2*w = -10*w. Suppose 20 = -w*s + q*s. Is s a multiple of 10?
True
Let t be (-2)/(-2)*-4*-41. Suppose t = 2*x - 4*u, -5*u + u = 2*x - 124. Suppose 13 + 3 = -4*g, -4*p + g + x = 0. Is 16 a factor of p?
False
Suppose 2*k - 28 = -q + 3*q, 2*q + 19 = k. Suppose -3 + k = 2*i, 6 = -v + 4*i. Is v a multiple of 6?
True
Let i(f) = f**3 - f**2 + f + 1. Let g(p) = -9*p**3 + 2*p**2 - 4*p - 5. Let o(t) = -g(t) - 3*i(t). Let a be o(-2). Does 4 divide (4/8)/((-2)/a)?
False
Let t = 2 + -2. Let q = 2 - t. Suppose -2*n - q*n = -44. Is 6 a factor of n?
False
Suppose -5*c - 470 = -5*a, a + 4*c = -4 + 113. Is 25 a factor of a?
False
Let l = 6 + -5. Let m(y) = 11*y**2 - y. Does 4 divide m(l)?
False
Let t(p) = 6*p**2 - 5*p + 6. Is 9 a factor of t(3)?
True
Suppose 0 = -2*d - 0*d - 3*l + 15, 4*d = l + 9. Suppose -d*t = g - 16, -2 = -5*t - g + 24. Suppose t*q - 118 = 2*s, -5*q = -s + 6*s - 90. Does 11 divide q?
True
Suppose -2*c = 0, 2*f + c + 4*c - 2 = 0. Let b be (-26)/(-3)*(10 - f). Suppose 0*x - x = -4*i + b, 0 = x + 2. Is i a multiple of 13?
False
Let w(d) = d**3 - 2*d**2 + 3*d - 1. Let n = -5 - -6. Suppose -6 = -p + 4*q, -p - 5*q = 2*p - n. Is 5 a factor of w(p)?
True
Let h(s) = 4*s**3 + 13 + s - 3*s**3 - 4. Is 4 a factor of h(0)?
False
Suppose p + 4*p = 60. Is 12 a factor of p?
True
Let k = 299 + -55. Is k a multiple of 17?
False
Let w(t) = t**3 + 12*t**2 - 13*t + 2. Let c be w(-13). Suppose 2*r - 2*b - 48 = c, -r - 4*b = -25. Is r a multiple of 20?
False
Let o = -5 - -8. Suppose -5*u - 14 = -o*t - u, 3*u = 3*t - 12. Suppose 22 = t*h - 8. Is h a multiple of 15?
True
Suppose 0 = -18*k + 14*k + 40. Is 7 a factor of k?
False
Suppose 49 = k - 2*c, -k - 2*c + 85 - 32 = 0. Let p = k + -22. Suppose 4*u - 5*a - 31 = 0, u + 3*a + 0*a = p. Is 7 a factor of u?
True
Let n = 238 - 62. Suppose 4*t - k - n = -t, 5*t - 177 = 2*k. Is 24 a factor of t?
False
Suppose -a + 22 + 9 = 0. Does 31 divide a?
True
Let k(m) be the third derivative of m**5/15 + m**4/8 + 2*m**2. Is 10 a factor of k(-2)?
True
Let u(k) = -k**3 - 3*k**2 - 2*k. Suppose 0 = 5*r - r - 12, -2*p = -3*r + 17. Does 24 divide u(p)?
True
Is 2 a factor of ((-9)/(-6))/((-2)/(-4))?
False
Let g(n) = -6*n + 1. Let i be g(-1). Suppose r = -0*r + i. Does 7 divide r?
True
Suppose -3*s - 4*p = -80, -5*s + 2*p + 100 + 16 = 0. Is s a multiple of 14?
False
Let y = 170 + -75. Does 19 divide y?
True
Let v(d) = -5*d**3 + d**2 + 3*d + 2. Let l be v(-1). Suppose -2*t + 88 = 4*c, 0*c - 4*c = l*t - 100. Is 4 a factor of c?
True
Let a(q) = -q. Let d be a(-9). Suppose 4*o = 89 - d. Is 20 a factor of o?
True
Suppose c - 12 = 5*c. Let o = 6 + c. Suppose -f = -o*f + 54. Is f a multiple of 18?
False
Is (8/6)/(2/162) a multiple of 27?
True
Suppose 3*s - 30 = 8*s. Let r = s + 2. Let t = r - -9. Is t even?
False
Let x(b) = -b**3 + 3*b**2 - b. Let m be x(2). Does 9 divide 31 + (m - 3) + 3?
False
Suppose -y - 5*w + 38 = 0, -3*w = -y - 4*w + 22. Does 8 divide y?
False
Let s(d) = d + 2. Let m be s(-2). Suppose m*p + 45 = 5*p. Is 3 a factor of p?
True
Let z = 4 - 1. Let h(p) = p**3 - 7*p**2 - p + 10. Let a be h(7). Suppose -4*l = 3*x + a, -36 = -z*l + 5*x - 2. Is l a multiple of 2?
False
Let q be (-58)/(-5) - 8/(-20). Suppose v + 3*v - q = 0. Suppose 0 = -5*k - 15, -2*k - 33 = -v*w + k. Is w a multiple of 8?
True
Is (-2)/(7 - 5)*-29 a multiple of 2?
False
Suppose -7*k + 12*k = 280. Is 28 a factor of k?
True
Let q(u) = u**2 + 7*u + 7. Let z be q(-5). Does 10 divide 62/4 - z/2?
False
Suppose -v = -32 + 7. Suppose -o = -0*o + 11. Let d = v + o. Is d a multiple of 12?
False
Let z(n) = -n**2 - n + 5. Let w be z(0). Suppose 2*h = -w*u + 49, -3*u - 5*h = -h - 35. Is u a multiple of 5?
False
Let n(s) be the second derivative of s**3/6 + s**2/2 - 3*s. Let f be n(6). Let b(o) = o**3 - 7*o**2 + 4*o - 10. Is 11 a factor of b(f)?
False
Let u = 1 - -16. Is 3 a factor of u?
False
Let l = -8 - -8. Suppose l = -4*x - 5*w + 340, 3*w - 17 = 3*x - 245. Suppose 2*p = -3*p + x. Is 14 a factor of p?
False
Suppose 3 + 7 = 5*c. Is 16 a factor of -144*(-1 - c/(-4))?
False
Let h = -2 - -2. Let v = 4 + h. Is v even?
True
Is 5 a factor of 3/6*82 + -6?
True
Let k(y) = -2*y. Let l be k(0). Let w(j) = -j**3 + j**2 - j + 21. Does 6 divide w(l)?
False
Let i(p) = p**2 - 6*p - 3. Let y be i(7). Suppose 4*k - 4 = c - 20, -100 = -4*c + y*k. Is c a multiple of 14?
True
Let f = 35 + -6. Let k = f + 7. Is k a multiple of 12?
True
Let v = -18 + 36. Let z = 27 - v. Does 6 divide z?
False
Suppose -11 + 1484 = 3*i. Suppose 525 = 2*w - i. Is 11 a factor of w/18 + (-6)/27?
False
Let q be 1/(3*(-3)/(-36)). Suppose -q*t + 9*t = -2*s + 104, t - 52 = -s. Suppose -2*k + 6 + s = 0. Is k a multiple of 12?
False
Let y(r) = 0 + 10*r - r + 3. Let l be y(3). Suppose -l = -4*n - 0*n + 5*x, 0 = 5*n - x - 27. Is 2 a factor of n?
False
Let z = 104 + -60. Does 22 divide z?
True
Let r(v) = -v**3 + 5*v**2 + v - 2. Let k = -4 - -8. Is r(k) a multiple of 17?
False
Let o = 155 + -50. Does 19 divide o?
False
Suppose 2*l = -3*q - 0*l + 28, 2*l + 44 = 3*q. Suppose 36 = 4*n - q. Is n a multiple of 12?
True
Suppose j - 4*j = 2*m, -j + 22 = -3*m. Let r = m + 9. Is 15 a factor of 0 - (-52 + r + -1)?
False
Let g = -40 + 102. Is g a multiple of 14?
False
Let q(s) = 4*s**2 - 3 - 4*s - 3*s**2 + 9*s. Let a be q(3). Let u = a - 14. Does 4 divide u?
False
Let i be (-2 - (-2 + 3))/1. Let d = i - -8. Suppose -5*m = -t - 159, 2*t = d*m - 0*t - 158. Does 16 divide m?
True
Let f(a) = a**3 - 5*a**2 - 6*a - 7. Is 12 a factor of f(7)?
False
Let d(b) = -b**3 - b**2 - b - 1. Suppose 0 = -2*c - 4 - 2. Does 5 divide d(c)?
True
Let q = -12 + 24. Suppose 4*k + 0*k - q = 0. Does 3 divide k?
True
Let m be 0 - -1 - (-2)/1. Suppose -m*r + 0*r = 0. Suppose 10 = -r*u + 2*u. Is u a multiple of 3?
False
Let f(t) be the first derivative of 3*t**4/2 + t**2 - t - 2. Let x be 2/(-6) - 16/(-12). Is f(x) a multiple of 3?
False
Suppose -2*j = -10*j. Let t(f) = -f + 9. Is 5 a factor of t(j)?
False
Is (13 - 9) + (-1 - -22) a multiple of 3?
False
Let x(p) = p**2 - 3*p + 3. Let b be x(4). Let k = 19 - b. Let f = k - 2. Is 5 a factor of f?
True
Suppose n = -5, -f + 2*n = -2*n - 64. Is 11 a factor of f?
True
Suppose 0 = h + h. Suppose 5*g + h*g - 95 = 0. Is 12 a factor of g?
False
Suppose 0 = 3*y - 0*y + 15, -2*i - 4*y = -34. Is 4 a factor of i?
False
Let h be ((-8)